Let w(b) = 38*b**2 + 5*b - 28. What is the tens digit of w(6)?
7
Suppose -p - 2 = 0, 55*h + 2*p = 59*h - 3104. What is the hundreds digit of h?
7
Let t(z) = -12*z**2 + 1 - z - 9 - z**3 + z**2 + 0. Let q be t(-11). Suppose -q*a = -43 - 53. What is the tens digit of a?
3
Let s be -4*((-5)/12 + (-12)/36). Suppose 7*i + s*i = 1670. What is the hundreds digit of i?
1
Let o = 35 - 23. What is the hundreds digit of ((-4)/o)/((-2)/858)?
1
Let w(q) = q**2 + 15*q + 16. Suppose 28 = -3*x + x. Let h be w(x). What is the units digit of (-3 + 15)/(h + 0)?
6
Suppose 5*p = 10*p - 670. Suppose -3*b + 3*k = -285, -411 = -3*b - k - p. What is the units digit of b?
3
Suppose -3*h + 19950 = 3*h. What is the hundreds digit of 4/(-6) - h/(-15)?
2
Let d = -12 - -14. Let z be d/(-11) - (-18)/(-22). Let y(o) = -8*o**3 - o - 2. What is the units digit of y(z)?
7
Let r(g) = 42*g + 4. Suppose 0*k + 8 = 4*k. What is the tens digit of r(k)?
8
Let w(h) = h**3 + 26*h**2 + 6*h + 61. What is the thousands digit of w(-24)?
1
Let i = -7 - -17. Suppose -4*l + 0*l + 13 = v, 2*l + 11 = 3*v. Suppose i*a - 60 = v*a. What is the units digit of a?
2
Let d(b) = b**3 + b**2 + b - 1. Suppose 5*k - 25 = 0, 2*u + 3*k - k - 18 = 0. Suppose 2*v = u*x + 2, 3*x - 2*v + 9 = v. What is the units digit of d(x)?
3
Suppose 2*m - 6 = -v - 2, 2*v - 2 = -m. Suppose 27*u - 22*u - 1230 = v. What is the tens digit of u?
4
Let j(o) = 8*o**2 - 8*o - 21. What is the hundreds digit of j(8)?
4
Let s = -115 + 117. Suppose -s*v = 4*f - 970, -3*f - 2*v + 732 = v. What is the tens digit of f?
4
Let n be (-2)/(-7) + (-18)/63. Suppose -18 = -4*y - n*c - 2*c, -4*c = -5*y + 29. Suppose 0 = y*x + z - 6 - 19, 0 = -2*z + 10. What is the units digit of x?
4
Let y be 16/104 + (-10)/65. Let w(m) = -m**2 + 10*m - 3. Let t be w(6). Suppose y = g - 4*g + t. What is the units digit of g?
7
Let r = -14 - -14. Suppose r*h = -4*h + 388. What is the tens digit of h?
9
Let o(z) = -2*z - 9. Let t be o(-7). Suppose 5*n = -t, -3*n = i + i - 43. Let p = 20 + i. What is the tens digit of p?
4
Suppose -x + 761 = -2*p - 1532, 0 = 3*p - 12. What is the tens digit of x?
0
Let q(r) = -7*r - 38. Let g be q(-6). Suppose g*b + k - 130 - 823 = 0, 5*b - 1185 = 5*k. What is the tens digit of b?
3
Let b = -1389 - -2386. What is the hundreds digit of b?
9
Let b be 3 + -16 - (2 - 2). Let u(j) be the third derivative of -j**5/60 - j**4/2 + 8*j**3/3 + j**2. What is the units digit of u(b)?
3
What is the tens digit of 3301 - 23/((-115)/50)?
1
Let s(z) = -z**3 + 7*z**2 - 6*z - 13. Let j be s(6). Let q = j + 15. What is the units digit of q?
2
Let k = 524 + -221. What is the tens digit of k?
0
Let f(v) = -v**2 - 5*v - 4. Let p be f(-2). Suppose -211 + 649 = p*g. What is the tens digit of g?
1
Let c be (-4)/(-2) + (1 - (514 + 0)). What is the units digit of c/(-9) + (-2)/(-9)?
7
Suppose 1179 = -16*c + 19*c. What is the hundreds digit of c?
3
Let w = 141 + -136. Suppose -1992 = -w*b - 632. What is the hundreds digit of b?
2
Let b(k) = -2*k**3 + 2*k**2 + 6. Let r be b(5). Let y = r + 330. What is the units digit of y?
6
Suppose -l - 27 = 5*c, 6 - 39 = 4*l - 5*c. Let i(t) = t - t**3 + 13*t**2 + 5*t + 6*t + 2*t**3 + 4. What is the units digit of i(l)?
4
What is the units digit of 4/((-636)/644 - -1) + -3?
9
Suppose -3*s + 5*u - 10*u - 84 = 0, 2*s = u - 56. Let x(m) = -3*m + 57. What is the tens digit of x(s)?
4
Let s(y) be the first derivative of -5/2*y**2 + 5 - 7*y. What is the units digit of s(-3)?
8
Suppose 1008 = 5*f - s, -5*f + 521 = -3*s - 493. Let g = f - 27. Suppose 7*y - 4*y = g. What is the tens digit of y?
5
Suppose -7*x + 459 = -1648. What is the hundreds digit of x?
3
Suppose -j - 116 = 3*j. Let x = -33 + 97. Let i = j + x. What is the tens digit of i?
3
Let n(v) = -2*v**2 + v - 1. Let k be n(1). Let j = 6 - k. Suppose f - 5*f = -j, -m + 27 = 2*f. What is the tens digit of m?
2
Let n = -9 - -16. Suppose n*j - 4*j = 18. Suppose 4*l + u - 73 = 0, l + u + 8 = j*u. What is the units digit of l?
7
Suppose q + 3*s = 9, s = -4*q + 3*s - 6. Suppose -5*d + 20 = 5*v, -v - 4*d + 10 = -q*v. Suppose 2*l - 59 = k + 34, 2 = -v*k. What is the tens digit of l?
4
Let s = -213 - -225. What is the tens digit of s?
1
Let h(q) = 119*q - 66. What is the hundreds digit of h(8)?
8
Let a(n) = -11*n + 6. Let t be a(-5). Let y = t + 7. Let b = -24 + y. What is the tens digit of b?
4
Let s be 55/(-5) - 4/(-4). Let b be s/4*(-48)/(-40). What is the units digit of 1 + 7 + b + 0?
5
Let z(q) be the third derivative of -q**6/120 - q**5/10 - q**4/8 - q**3/2 - 6*q**2. What is the tens digit of z(-6)?
1
Suppose 0 = -5*i + 4*i + 494. What is the units digit of i?
4
Suppose -20 = -4*g + 3*g. Suppose 0 = -3*s - 4*z + 35, 2*z - g = -2*z. Suppose s*x = i + 8, 4*x = -2 + 18. What is the units digit of i?
2
Let v(i) = -22*i + 3*i**2 + 8*i + 6 + 5*i. What is the tens digit of v(6)?
6
Suppose 2115 = -54*g + 59*g. What is the units digit of g?
3
Suppose -4*k + 1277 = -703. What is the tens digit of k?
9
Let l = 1309 - 854. What is the hundreds digit of l?
4
Let j(i) = -i**3 + 5*i**2 - 2*i - 1. Let y be j(4). Let v = y - 4. Suppose 2*a - v*a + 9 = 0. What is the units digit of a?
9
Let z(h) = -h**2 + 3*h + 5. Let a = 13 + -19. Let d be 6*(-3)/(27/a). What is the units digit of z(d)?
1
Let f be 2 + -1 + -2 + 4 - -3. Let c(s) = 26*s - 1. What is the units digit of c(f)?
5
Let p(j) be the first derivative of j**4/4 - 7*j**3/3 - 3*j**2/2 - 8*j + 3. What is the tens digit of p(8)?
3
Let v(p) = -5*p + 13. Let q(f) = 12*f**3 + 3*f**2 + 2*f + 1. Let h be q(-1). What is the tens digit of v(h)?
6
Let w(u) = 6*u + 81. Let f(r) = -4*r - 54. Let d(v) = -7*f(v) - 5*w(v). Let s be d(-18). Suppose 63 + s = 4*t. What is the units digit of t?
8
Let v = -148 - -333. What is the hundreds digit of v?
1
Let h(g) = 112*g**3 + 2*g**2 - g - 1. Suppose 3*i = -3*q + 9, 5*q + 2*i - 5*i = -1. What is the hundreds digit of h(q)?
1
Let r = -10 + 3. Let f(y) be the third derivative of y**5/60 + y**4/24 - 7*y**3/3 - 113*y**2. What is the units digit of f(r)?
8
Let w be 6/2 - 6/(-3). Suppose -5*a + 10 = -2*v, 2*a = w*v - 11 - 6. Suppose a*n - 18 - 86 = 0. What is the tens digit of n?
2
Suppose -2*v = -3*v + 172. Suppose 0 = 2*c + 4*y - v, -3*c + 5*c + 2*y - 166 = 0. Suppose 5*m + r = 213, 3*m + c = 5*m + 3*r. What is the tens digit of m?
4
Suppose 5*l + 9*z - 3295 = 4*z, 0 = -4*z - 4. What is the tens digit of l?
6
Suppose -3*x = -2*q - 1 + 7, 3*x + 3*q = 9. Suppose -2*m + 18 = -0*m - 4*f, x = 5*m - f. Let h(k) = -6*k**3 + k**2 + 2*k + 1. What is the units digit of h(m)?
6
Suppose y = -2*a - 7, -2*a + 4*y - 1 - 1 = 0. Let q be (a/2)/((-18)/48). Let t(h) = h**2 - 6*h + 9. What is the units digit of t(q)?
1
Let i be (6/4)/((-2)/24). Let p = -184 - -237. Let y = p + i. What is the units digit of y?
5
Let v = -673 - -1313. What is the tens digit of v?
4
Suppose 4*x - 4*p - 8 = 0, 0 = -3*x - 3*p + 28 - 4. Suppose -185 = -x*r - 0*r. What is the units digit of r?
7
Suppose -149*j + 148*j = -2987. What is the units digit of j?
7
Suppose 16*n - 26*n = -2180. What is the units digit of n?
8
Suppose 8*w - 3*w - 5*l - 1825 = 0, -2*w - 3*l = -715. What is the hundreds digit of w?
3
Let i(a) = -a**3 + 23*a**2 - 22*a + 4. Let k be i(22). Suppose 3*u - 417 = -3*s, 5*s - 88 = k*u - 617. What is the hundreds digit of u?
1
Let f = -53 + 29. What is the units digit of (-48)/f - (-3)/1?
5
Let x(o) = o**2 + 2*o + 12. Let g be x(0). Let n be 369/12*32/g. Suppose -q = -4*f + q + n, f - 24 = -3*q. What is the tens digit of f?
2
Let h be ((-2)/(-5))/((-58)/(-10) - 6). Let b(c) = -52*c. What is the hundreds digit of b(h)?
1
Let k = 29 - 26. Suppose -32 = -4*s + k*b + b, 12 = -4*b. Suppose -5*g + 154 = s*z - 3*z, 105 = 3*g - 3*z. What is the units digit of g?
2
Let v(k) = 59*k**2. Let w(u) = 2*u - 7. Let b be w(3). What is the tens digit of v(b)?
5
Let a(c) = -17*c**2 + c + 1. Let y be a(-1). Let u = 17 + y. What is the tens digit of -3*(38/(-6) - u)?
1
Let y(w) = 11 + 11*w**2 - w**3 + 5*w + 11 + 7*w**2 + 15*w. What is the tens digit of y(19)?
4
Let v(t) be the second derivative of -5*t**3/6 - 11*t**2/2 + 5*t. What is the units digit of v(-15)?
4
Let a(g) = -7*g**2 + 4*g - 8. Let w be a(3). Let p = w + 227. What is the hundreds digit of p?
1
Suppose 0*